. What is the highest common divisor of 205 and n?
205
Suppose q = 4*q - 18. Let x be (-106*1*1)/(-1). Suppose -20 = -7*n + x. Calculate the highest common divisor of q and n.
6
Let m(a) = -2*a**3 + 8*a**2 + 6*a - 30. Let l be m(3). Let u = l + 84. What is the greatest common divisor of u and 130?
10
Suppose -2*x + 146 = 4*c, -4*x + 35*c - 39*c + 296 = 0. Calculate the greatest common factor of x and 1440.
15
Let d(j) = 176*j - 3096. Let q be d(18). Calculate the highest common factor of q and 1560.
24
Let g(t) = 2*t**3 + 56 + 17*t - 18*t**2 + 0*t**3 - 3*t**3 + 2*t**3. Let y be g(17). Calculate the greatest common divisor of y and 7.
7
Let l be 6 + 9/(-9) - -7472. Suppose 0 = -11*o + l - 1207. Calculate the highest common divisor of 171 and o.
57
Let f = 6477 - 6447. What is the greatest common divisor of 10275 and f?
15
Let g = -96 + 108. Let h(b) = b**3 + 15*b**2 + 11*b - 8. Let d be h(-13). Let i = d - 103. Calculate the highest common factor of g and i.
12
Suppose 3*z = -2*z + 9580. Let w be (1 - -2)*z/12. Suppose w = 8*r - 641. Calculate the highest common divisor of 56 and r.
28
Let j = -2882 - -3128. What is the highest common divisor of 4 and j?
2
Suppose r = 3*l + 118 + 690, 0 = l + r + 264. Let g = l + 308. Let j = 43 + -23. Calculate the greatest common factor of j and g.
20
Let k = -4 + 3. Let f be (-74)/k - -2 - 4. Let s(w) = -w**3 + 30*w - 8. Let t be s(4). Calculate the highest common divisor of t and f.
24
Let f be (11/3)/((-1150)/115 - 271/(-27)). What is the greatest common factor of 8283 and f?
33
Suppose -3*b = -5*h - 569, 0 = 74*b - 76*b + 2*h + 386. Calculate the greatest common divisor of 110 and b.
22
Let w be (1 - (-32)/2)*246/3. Let o = -539 + w. Calculate the highest common factor of o and 45.
45
Let w(o) = 38*o**2 - 47*o - 462. Let x be w(-6). What is the greatest common divisor of x and 220?
44
Let l = 5717 - 3967. Calculate the greatest common divisor of 28 and l.
14
Suppose 5*j + 2*k + 5 = 19, 0 = -3*j + 3*k. Suppose -9 = -v - 2*w, 17 = j*w + 11. What is the greatest common divisor of v and 48?
3
Let z = -397 - -419. Suppose 6485 = z*p - 6341. Calculate the greatest common factor of 53 and p.
53
Let w(p) = p**3 - 6*p**2 - 7*p + 5. Let v be w(7). Suppose 4*t - v = 3*t. Let i = -317 + 342. What is the greatest common factor of t and i?
5
Suppose b - 2*b + 276 = -3*s, 5*s - 20 = 0. Let q be ((-75)/10)/15*856/(-12) - 13/(-39). Calculate the highest common divisor of q and b.
36
Let t(m) = 2*m + m**2 + 0*m**3 + 3 - m**3 + 0*m. Let a be (86/(-172))/((-2)/(-8)). Let r be t(a). Calculate the highest common divisor of r and 33.
11
Let b be (-7)/140*-55*44 + 1/(-1). Suppose -j - 2*j + 477 = -3*k, 0 = 2*j - 4*k - 316. What is the highest common factor of j and b?
40
Let x(s) = 1195*s + 463. Let b be x(6). What is the greatest common factor of b and 17?
17
Suppose 0 = 11*u - 1149 - 776. What is the greatest common factor of u and 126?
7
Suppose -2*b - j + 20024 = -0*b, 50075 = 5*b - 5*j. Let t be (b/(-57))/(1/(-3)). Suppose -9*g + t = 41. Calculate the greatest common factor of 6 and g.
6
Let d be ((-4)/6 - 84/(-18)) + 1664. What is the highest common divisor of 144 and d?
12
Let b = -4237 + 4831. What is the greatest common divisor of b and 154?
22
Let w be (-1 - -1)/(12 + -11). Suppose -5*s = -c + 26, w = 4*c + 3*s - 7 + 18. Let n = 59 - 56. Calculate the highest common factor of n and c.
1
Suppose 14*q = 13*q - p + 224, 5*p - 240 = -q. What is the highest common divisor of q and 935?
55
Suppose 0 = 3*c - 63 + 12. Let n = -123 - -123. Suppose -2*s + 5*m + 281 = n, -3*s - m + 311 = -s. What is the greatest common divisor of s and c?
17
Let h be ((-32)/(-48))/(1 - 42/45). Suppose -h*g + 281 = 11. Calculate the highest common factor of 99 and g.
9
Let o(v) = v**2 + 2*v - 10. Let b be o(-5). Let w = 7 - b. Suppose -3*c + 64 = 3*t + w*c, 4*c = -5*t + 98. What is the highest common factor of t and 27?
9
Suppose -90*o + 112*o = 2772. Suppose 5*z + 2*p - 268 = 0, 2*z - 3*z + 55 = -p. What is the greatest common divisor of z and o?
18
Let a be (-1)/(6/28)*33*(-806)/2387. Calculate the highest common divisor of 442 and a.
26
Let j = -108 - -188. Suppose 3*x = 3*f - 141, 2*f - 47*x = -43*x + 88. Calculate the highest common factor of j and f.
10
Let t be (-4)/(-1*(2 - 1)). Let z be ((-9)/t)/(1/(-8)). Let d = 684 - 682. Calculate the greatest common divisor of d and z.
2
Suppose -5*t + 15 = 5*y, 4*t = -2*y + 8 + 2. Suppose -46 = -4*r - 2*p, p + 2 + 11 = 2*r. Suppose -6*v = 3 - r. Calculate the highest common divisor of v and y.
1
Let y = 115 + -127. Let h = y + 19. Let w(x) = 3*x**2 + 3*x - 15. Let j be w(h). Calculate the highest common divisor of j and 17.
17
Let x(v) = -2*v**2 - 1. Let l(h) = h**3 - 23*h**2 + 24*h - 19. Let d(a) = -l(a) + 6*x(a). Let o be d(5). What is the highest common factor of 86 and o?
43
Let k(m) = 5*m - 10. Let c(j) = 6*j - 9. Let b(u) = 3*c(u) - 2*k(u). Let z be b(4). Calculate the greatest common factor of z and 100.
25
Let i(n) = 24*n**2 + 7*n - 171. Let k be i(-9). What is the greatest common factor of 180 and k?
90
Suppose 6*j = 582 - 150. Let a = j + -69. Suppose 0 = -5*v + a*v + 384. Calculate the greatest common factor of v and 48.
48
Suppose 172 = 42*k - 37*k + b, -5*k - 5*b = -140. What is the highest common factor of 16224 and k?
12
Let l = -206 + -89. Let q be (-177)/l - (-614)/10. What is the highest common factor of q and 248?
62
Let a(n) = n**2 - 54*n + 750. Let z be a(60). Calculate the greatest common factor of 9102 and z.
222
Let l be (-2 + 313 + -2)*10/(-30). Suppose 0 = 3*z - 2*c - 406, -c - 3 - 2 = 0. Let r = z + l. What is the highest common factor of 203 and r?
29
Let k(z) = 98*z - 4. Let w be k(5). Let b = -1921 + 3416. Suppose 21*g - b = -361. What is the greatest common factor of w and g?
54
Let t = 150 - 446. Let l = -225 - t. Calculate the greatest common factor of 497 and l.
71
Let z = 51 + -24. Let o = -25 + z. Suppose -5*k = -4*h - 68, 4*k + o*h + 4 - 48 = 0. What is the greatest common factor of 156 and k?
12
Let h(o) = 12*o - 94. Let x be h(8). Suppose -x*y = -2586 - 586. What is the greatest common divisor of y and 26?
26
Suppose a = 2, 5*x = 6*x + 5*a + 251. Let g = x - -289. Calculate the greatest common factor of g and 42.
14
Suppose -3*p = 4*n + 107, 56 = -2*p + 8*n - 3*n. Let o be (-5*1/2)/(p/462). What is the highest common divisor of 7 and o?
7
Let f = 356 - 122. Let x = f - 216. Calculate the greatest common factor of x and 414.
18
Let j = 53 + -498. Let a = j + 530. Suppose 2*y - 34 = -0. Calculate the greatest common factor of a and y.
17
Suppose -26*j + 28*j - 24 = 0. Suppose -i - 64 = -5*v, -36*v - j = -38*v - 3*i. What is the highest common divisor of 12 and v?
12
Suppose -5*q = 5*h - 50, 0*q - h = -q + 12. Let j(z) = -z**3 - 3*z - 11. Let g be j(-6). Let v = g - 124. Calculate the greatest common factor of v and q.
11
Let m = -712 + 744. What is the greatest common divisor of 2464 and m?
32
Let o = 16125 - 15319. Calculate the greatest common divisor of 156 and o.
26
Let l be -277*(2/1 - 3). Let w = l + -181. Let s = -42 + w. What is the greatest common factor of 135 and s?
27
Let t = 22 - 19. Suppose 0 = -t*s - 4*a + 20, -4*s + 0*a = 3*a - 15. Suppose 3*w = d - 12, -w = -s*d + 3*d - 86. What is the highest common divisor of 36 and d?
9
Let a = 1644 + -1110. What is the greatest common divisor of a and 42?
6
Let a be -5 + 24/(-2)*(-2 - (-176)/(-48)). Calculate the highest common divisor of 15750 and a.
63
Let o be 1/((2/(2/(-1)))/(-5)). Suppose b + 224 = o*b. Calculate the greatest common divisor of 616 and b.
56
Suppose 77*r - 105*r + 50*r - 2772 = 0. Calculate the greatest common divisor of r and 720.
18
Let s = 15032 + -14892. Calculate the highest common divisor of 380 and s.
20
Let q be ((-30)/(-8))/(13/104). Let r be 34/5 - (2 + -8)/q. What is the greatest common factor of 1 and r?
1
Suppose 2*w = -h + 48, -2*h + 409 = w + 385. Calculate the greatest common factor of 642 and w.
6
Suppose 0 = 33*t - 666 - 621. Let v(x) = -x**3 - x**2 + 208. Let f be v(0). Calculate the greatest common factor of f and t.
13
Let d = -1676 - -1708. What is the highest common factor of d and 1648?
16
Suppose -5*l + 60 = -13*a + 14*a, 4*a - 4*l = 264. Suppose -3*m + 3*k + 